(z). What is the units digit of 0 - -16 - (-3)/a?
5
Let h(z) = -z**3 - 8*z**2 - 6*z - 28. Let c be h(-8). What is the units digit of 5/c - (-1677)/12?
0
Let l = -484 - -1046. What is the units digit of l?
2
Let l(b) be the second derivative of -b**5/20 - b**4/6 + b**3 + 3*b**2/2 - 2*b + 10. Suppose 4*u + 0*u + 16 = 0. What is the tens digit of l(u)?
1
Let y(m) = m**2 + 2*m + 3. Suppose 0*k - 4*k = -88. Let v = -27 + k. What is the units digit of y(v)?
8
Suppose 5*f + 41 = -o + 9, o = 4*f + 4. Let i(u) = u**3 + 13*u**2 + 3*u + 9. What is the tens digit of i(o)?
1
Suppose -4*v + 34 = -14. Let m = 4 + v. What is the tens digit of m?
1
Suppose 0*j - 2 = 2*j + 2*f, 3*f = 2*j + 7. What is the units digit of j/5 - (156/(-15) + 6)?
4
Suppose 225*f = 212*f + 4173. What is the hundreds digit of f?
3
Let k = -642 - -1204. What is the hundreds digit of k?
5
Let n = -45 + 55. What is the tens digit of -2*(-113)/n + 12/(-20)?
2
Let c(r) = 5*r**2 - 4*r - 2. Let v be c(6). Let h be 21/5 - ((-66)/(-30) - 2). Suppose -v = -h*l - 2*d, l + d - 157 = -3*l. What is the units digit of l?
0
Let p be 10 - 1 - (0 + 4). Suppose 12 + 416 = 3*c + p*d, -3*c - 4*d = -430. What is the hundreds digit of c?
1
Let h(v) = -v**3 - 6*v**2 - 6*v - 1. Let a be h(-5). Let p be (-86)/4 - a/(-8). What is the units digit of p/6*24/(-14)?
6
Let a(d) = -d**3 - 6*d**2 - 3*d + 12. Let h be a(-5). Suppose -h*j = -0*j - 350. What is the tens digit of j?
7
Let f(w) = -w - 6. Let x be f(-8). Let k(j) = 24 + j**x + 15*j - 2*j - 7. What is the units digit of k(-12)?
5
Suppose -3*l - 5 = -4*l. Suppose 0 = 11*a - l*a - 90. What is the tens digit of a?
1
Let f = 11 + -8. Let v(z) = -z - f*z + 25*z**3 + 3*z. What is the units digit of v(1)?
4
Let b(k) = -2*k + 2. Let o be b(2). Let g = 1 + -1. Let h = g - o. What is the units digit of h?
2
Suppose 518*a - 522*a = -356. What is the tens digit of a?
8
Suppose -3*x + 119 = r - 110, 3*x - 3*r = 225. What is the tens digit of x?
7
Suppose 4*r - 3 = 4*u - 7, u - 2*r = 0. Suppose 0*g = -u*g + 4. What is the units digit of -1 + g + 81/3?
8
Let b(p) = -p**3 + 27*p**2 + 16*p - 92. What is the tens digit of b(27)?
4
Suppose 0 = -9*i + 7*i + 8. Let s(q) = -13 - q**2 - i*q - q**3 + 2*q**2 + 7*q**2. What is the tens digit of s(6)?
3
What is the tens digit of (-2960)/2*(12/4 - 4)?
8
Suppose -5*s + 23*d = 22*d - 16336, -4*s + 3*d + 13060 = 0. What is the units digit of s?
8
Let f(v) = 153*v + 2. Let x be f(2). Suppose -x = -4*t + 32. What is the units digit of t?
5
Suppose 5*l - 10 = -p + 2*l, 0 = -p + 5*l + 50. Suppose 0 = -3*w + 3*r - 0*r - 18, -5*w - 3*r = 6. Let u = w + p. What is the tens digit of u?
2
Let m(w) = -69*w**2 + w + 1. Let n be m(2). What is the tens digit of (n/(-13))/(0 - (-2)/12)?
2
Suppose -4*y + 20 = 0, 0 = 7*l - 2*l - y + 15. Let c(g) = 37*g**2 + 1. What is the hundreds digit of c(l)?
1
Suppose 2*f = 0, 5*f + 228 = 4*m + f. Let v = 22 + m. What is the tens digit of v?
7
Suppose -2 = -4*c + 10. Let s be 120/(-36)*c/(-2). Suppose -5*o + 24 = x, 5*x - 70 = s*o + 50. What is the units digit of x?
4
Suppose 2*l - 2*f = -2*l + 2264, f - 4 = 0. What is the tens digit of l?
6
Suppose -86 = 4*m + 2*n, -5*m - 126 = 5*n - 6. Let x be m/(-2) + (-27)/18. What is the units digit of (-1576)/(-28) - x/28?
6
Suppose -2*t - 2*t = -3*g - 265, -3*t + g + 205 = 0. Suppose 9*y - t - 20 = 0. What is the units digit of y?
0
Suppose -4*k = -5*d - 4 + 37, -2*d + 5*k + 3 = 0. Suppose -d + 7 = -j. What is the tens digit of 29 + -5 + j - 0?
2
Let b = 25 + -40. Let f = b + 117. What is the units digit of f?
2
Let y = 21 + -7. Let p = y + 2. What is the tens digit of p?
1
Suppose 1192 + 2092 = 2*a. What is the thousands digit of a?
1
Let y = -25 - -32. Suppose m - y = -0. Suppose 0 = -m*a + 2*a + 315. What is the tens digit of a?
6
Let a be (-4)/6*(2 + 25/(-2)). Let r(s) = s**3 - 5*s**2 - 8*s + 6. What is the units digit of r(a)?
8
Suppose 4*i - 2*r - r = 33, -3*r + 51 = 3*i. Let w be (1 + 7)*6/i. Suppose 0 = -2*y - w*n + 10, -2*y + 16 = 2*y + 4*n. What is the units digit of y?
3
Let u(a) = -a**3 + 6*a**2 + 5*a - 1. Suppose 14*c - 12*c = 12. What is the tens digit of u(c)?
2
Suppose 5*w + 2*r = 174, -4*r = -3*w - r + 96. Suppose 0*y - 2*y = -w. Suppose 2*h = z - 3*z + 4, -h = -2*z - y. What is the units digit of h?
7
What is the units digit of (-9)/(-15) - (4 - 10810/25)?
9
Let k(d) = d**2 - 4*d - 17. Let o(c) = -c**3 + 5*c**2 + 8*c - 3. Let m be o(6). What is the tens digit of k(m)?
2
Let w = -227 - -239. What is the tens digit of w?
1
Let m(w) = 44*w**2 - 4. Let z be m(-3). Suppose 38*i - 42*i + z = 0. What is the units digit of i?
8
Let g(w) = w**3 - 4*w**2 - w + 8. Let s be g(4). Let t(c) be the first derivative of 5*c**2/2 - 5*c + 2. What is the units digit of t(s)?
5
What is the tens digit of 75/(-10) - -7 - (-5103)/6?
5
Suppose 2*f = -0*w + 3*w + 16, -4*f - 4 = 0. Suppose -s + 12 = 2*s. What is the units digit of (-38)/s*(w + 4)?
9
Suppose -3*t + i + 925 = 5*i, 950 = 3*t - i. Suppose p - 2*j - 17 = 40, -5*p + t = 5*j. What is the units digit of p?
1
Suppose -3*x = -5*f + 16, -2*x + 0 - 4 = -2*f. Suppose 3*i = 4*i - 5*d + x, d = 2*i + 15. Let k = 23 - i. What is the tens digit of k?
3
Suppose 467 = 16*b - 47325. What is the thousands digit of b?
2
Let n = -3289 + 4715. What is the thousands digit of n?
1
Let f(v) = 3*v + 3. Let s be f(0). What is the tens digit of s/(-3)*3*146/(-6)?
7
Suppose -4*z = -98 - 18. Suppose -30*o + 337 = -z*o. What is the units digit of o?
7
Suppose 0 = -n + 5 - 3. Let j(h) = 3*h + 24. Let v be j(-8). Suppose v = m + w - n*w - 22, 5*m = -w + 86. What is the units digit of m?
8
Let x = -48 + 48. Suppose -6*b + 180 + 258 = x. What is the tens digit of b?
7
Let z(n) = -67*n + 82. What is the thousands digit of z(-19)?
1
Let n = -15 + 12. Let d = -19 - -7. What is the tens digit of d/8*26/n?
1
Let i = -2902 - -5074. What is the hundreds digit of i?
1
Let b(i) be the second derivative of -2/3*i**4 - 3*i**2 - 1/20*i**5 + i + 0 + 5/6*i**3. What is the units digit of b(-9)?
0
Suppose 2*y - 7*h - 8 = -6*h, 1 = -3*y - 5*h. Suppose -3*f + 291 = -0*f - y*d, 2*d = -f + 109. What is the hundreds digit of f?
1
Let l(v) = 1. Let d(u) = u - 2. Let x(y) = -d(y) - 4*l(y). Let p be x(2). What is the tens digit of p/(4/(-41)) + -3?
3
Let m(a) = -3*a - 12 + a - 2*a + a**2. Let i = 132 + -137. What is the units digit of m(i)?
3
Let t = 459 + -400. What is the units digit of t?
9
Let m(f) = f**3 - 2*f**2 + 22*f - 19. What is the hundreds digit of m(10)?
0
Let c be (-6 - -6) + 54/1. Let o = c - 26. Suppose -86 = -5*j + 3*x, 0*j - 3*x + o = j. What is the units digit of j?
9
Let h(w) = 2*w - 21. Let q be h(9). What is the units digit of (-2 - q) + (-5 - -69)?
5
Let t = 2 - 18. Let o = t + 17. Let b(z) = 39*z**2 - z + 1. What is the units digit of b(o)?
9
Let u(c) = c**3 + 56*c**2 - 109*c + 184. What is the hundreds digit of u(-57)?
1
Suppose -2*c = 3*c - 35. Let s(b) = -b**2 + 8*b - 7. Let d be s(c). Suppose -3*y + 2*l + 75 = 0, y = -d*y - 4*l + 39. What is the tens digit of y?
2
Suppose -8*i + 32 - 88 = 0. Let u(k) = -k**3 - 6*k**2 + 3*k - 3. What is the units digit of u(i)?
5
Let h(y) = -15*y - 1. Let o(c) be the second derivative of c**4/12 + c**3/3 - c**2/2 + 2*c. Let x be o(-2). What is the tens digit of h(x)?
1
Suppose -2*y - 3*h = -581, 7*h + 1117 = 4*y + 4*h. What is the units digit of y?
3
Suppose -4*y = 5*k + 10, y + 5*k - 2*k + 6 = 0. Let c be (-43)/(129/180)*1*-1. Suppose y = -j - 2*j + c. What is the units digit of j?
0
Let s(i) = -5*i + 13. Let n be s(3). What is the units digit of (-138)/(-3)*(-1)/n?
3
Let y = -251 - -372. Suppose 4*j = 3*w - y, -5*w - 3*j = -248 + 56. Let f = -7 + w. What is the tens digit of f?
3
Suppose 0 = -3*h - 12 + 54. Let i = h - 8. What is the units digit of (-618)/(-18) + 4/i?
5
Let x = 779 - 178. What is the hundreds digit of x?
6
Let m(x) = x**3 + x**2 - x + 1. Let y be m(0). Let f be 2 + y/(2/(-4)). Suppose 5*s + 34 - 179 = f. What is the units digit of s?
9
Let a = -37 + 61. Let z be 2/(-3)*a/(-8). Suppose 4*n - 36 = -z*n. What is the units digit of n?
6
Suppose c + 2*v - 256 = 0, -1244 = -5*c - 3*v + 5*v. What is the tens digit of c?
5
Suppose 0 = -f - 9 - 1. Let c be (-3)/15 + (-52)/f. Suppose 2*q = -2*a + q + 3, 5